{"id":3339,"date":"2017-09-22T23:56:08","date_gmt":"2017-09-23T04:56:08","guid":{"rendered":"https:\/\/funtalentum.org\/?page_id=3339"},"modified":"2017-09-23T11:43:40","modified_gmt":"2017-09-23T16:43:40","slug":"blog","status":"publish","type":"page","link":"https:\/\/funtalentum.org\/en\/blog\/","title":{"rendered":"Blog"},"content":{"rendered":"<p class=\"qtranxs-available-languages-message qtranxs-available-languages-message-en\">Sorry, this entry is only available in <a href=\"https:\/\/funtalentum.org\/es\/wp-json\/wp\/v2\/pages\/3339\" class=\"qtranxs-available-language-link qtranxs-available-language-link-es\" title=\"Espa\u00f1ol\">Espa\u00f1ol<\/a>. For the sake of viewer convenience, the content is shown below in the alternative language. You may click the link to switch the active language.<\/p><p>[vc_row][vc_column width=”1\/2″][vc_single_image image=”3393″ img_size=”full” onclick=”img_link_large” css=”.vc_custom_1506180251997{margin-left: 40px !important;}”][\/vc_column][vc_column width=”1\/2″][vc_empty_space height=”70px”][vc_column_text css=”.vc_custom_1506182156692{margin-right: 100px !important;margin-left: 50px !important;}”]<img decoding=\"async\" class=\"aligncenter wp-image-3418 size-full\" src=\"https:\/\/funtalentum.org\/fundacion\/wp-content\/uploads\/2017\/10\/Inauguraci\u00f3n-1.jpg\" alt=\"\" width=\"441\" height=\"64\" \/>[\/vc_column_text][vc_empty_space height=”30px”][vc_column_text css=”.vc_custom_1506181701569{margin-right: 100px !important;margin-left: 50px !important;}”]<\/p>\n<p style=\"text-align: justify;\">La Primera Dama de la Naci\u00f3n Mar\u00eda Clemencia Rodr\u00edguez de Santos, inaugur\u00f3 nuestra Fundaci\u00f3n y ha visitado nuestras instalaciones con\u00a0 la Primera Dama de Guatemala Rosa Leal, la Directora Nacional del ICBF Cristina Plazas, as\u00ed como organismos internacionales tales como la Unicef, para evidenciar un modelo exitoso de primera infancia con aliados p\u00fablico – privado.<\/p>\n<p>[\/vc_column_text][vc_empty_space height=”180px”][vc_column_text css=”.vc_custom_1506182737637{margin-right: 100px !important;margin-left: 50px !important;}”]<img fetchpriority=\"high\" decoding=\"async\" class=\"alignnone wp-image-3429 size-full\" src=\"https:\/\/funtalentum.org\/fundacion\/wp-content\/uploads\/2017\/10\/Visita.jpg\" alt=\"\" width=\"441\" height=\"116\" \/>[\/vc_column_text][vc_empty_space height=”30px”][vc_column_text css=”.vc_custom_1506183640064{margin-right: 100px !important;margin-left: 50px !important;}”]<\/p>\n<p style=\"text-align: justify;\">En junio del 2016, la Primera Dama de la Naci\u00f3n, Mar\u00eda Clemencia Rodr\u00edguez de Santos, visit\u00f3 nuevamente FUNTALENTUM en compa\u00f1\u00eda de la Primera Dama de Argentina, Juliana Awada de Macri. Con esta visita se confirma la importancia que dan los dos pa\u00edses a la inversi\u00f3n en la primera infancia.<\/p>\n<p>[\/vc_column_text][vc_empty_space height=”150px”][vc_column_text css=”.vc_custom_1506183162564{margin-right: 100px !important;margin-left: 50px !important;}”]<img decoding=\"async\" class=\"alignnone wp-image-3434 size-full\" src=\"https:\/\/funtalentum.org\/fundacion\/wp-content\/uploads\/2017\/10\/Grados.jpg\" alt=\"\" width=\"441\" height=\"67\" \/>[\/vc_column_text][vc_empty_space height=”30px”][vc_column_text css=”.vc_custom_1506184000763{margin-right: 100px !important;margin-left: 50px !important;}”]<\/p>\n<p style=\"text-align: justify;\">Cada a\u00f1o realizamos la graduaci\u00f3n y el cierre del ciclo escolar de nuestros ni\u00f1os del grupo Investigadores. Posteriormente se escolarizan en colegios p\u00fablicos del Distrito, gracias a la etapa inicial educativa que reciben en Funtalentum.<\/p>\n<p>[\/vc_column_text][vc_empty_space height=”220px”][vc_column_text css=”.vc_custom_1506183422965{margin-right: 100px !important;margin-left: 50px !important;}”]<img loading=\"lazy\" decoding=\"async\" class=\"alignnone wp-image-3438 size-full\" src=\"https:\/\/funtalentum.org\/fundacion\/wp-content\/uploads\/2017\/10\/Disfraces-1.jpg\" alt=\"\" width=\"441\" height=\"64\" \/>[\/vc_column_text][vc_empty_space height=”30px”][vc_column_text css=”.vc_custom_1506184793559{margin-right: 100px !important;margin-left: 50px !important;}”]<\/p>\n<p style=\"text-align: justify;\">En octubre se celebra el d\u00eda de los atuendos para los ni\u00f1os y las familias. Los ni\u00f1os est\u00e1n en un ambiente entre iguales d\u00f3nde intercambian experiencias, aprenden a convivir y comunicarse con otros, fortaleciendo su identidad frente al entorno al que pertenecen, llamado sociedad.<\/p>\n<p>[\/vc_column_text][vc_column_text css=”.vc_custom_1506183919955{margin-right: 100px !important;margin-left: 50px !important;}”][\/vc_column_text][\/vc_column][\/vc_row][vc_row][vc_column][vc_empty_space height=”40px”][\/vc_column][\/vc_row][vc_row][vc_column][templatera id=”2854″][\/vc_column][\/vc_row]<\/p>","protected":false},"excerpt":{"rendered":"<p>Sorry, this entry is only available in Espa\u00f1ol. For the sake of viewer convenience, the content is shown below in the alternative language. You may click the link to switch the active language.[vc_row][vc_column width=”1\/2″][vc_single_image image=”3393″ img_size=”full” onclick=”img_link_large” css=”.vc_custom_1506180251997{margin-left: 40px !important;}”][\/vc_column][vc_column width=”1\/2″][vc_empty_space height=”70px”][vc_column_text css=”.vc_custom_1506182156692{margin-right: 100px !important;margin-left: 50px !important;}”][\/vc_column_text][vc_empty_space height=”30px”][vc_column_text css=”.vc_custom_1506181701569{margin-right: 100px !important;margin-left: 50px !important;}”] La Primera [&hellip;]<\/p>\n","protected":false},"author":1,"featured_media":0,"parent":0,"menu_order":0,"comment_status":"closed","ping_status":"closed","template":"","meta":{"footnotes":""},"class_list":["post-3339","page","type-page","status-publish","hentry"],"_links":{"self":[{"href":"https:\/\/funtalentum.org\/en\/wp-json\/wp\/v2\/pages\/3339","targetHints":{"allow":["GET"]}}],"collection":[{"href":"https:\/\/funtalentum.org\/en\/wp-json\/wp\/v2\/pages"}],"about":[{"href":"https:\/\/funtalentum.org\/en\/wp-json\/wp\/v2\/types\/page"}],"author":[{"embeddable":true,"href":"https:\/\/funtalentum.org\/en\/wp-json\/wp\/v2\/users\/1"}],"replies":[{"embeddable":true,"href":"https:\/\/funtalentum.org\/en\/wp-json\/wp\/v2\/comments?post=3339"}],"version-history":[{"count":0,"href":"https:\/\/funtalentum.org\/en\/wp-json\/wp\/v2\/pages\/3339\/revisions"}],"wp:attachment":[{"href":"https:\/\/funtalentum.org\/en\/wp-json\/wp\/v2\/media?parent=3339"}],"curies":[{"name":"wp","href":"https:\/\/api.w.org\/{rel}","templated":true}]}}

<p class="qtranxs-available-languages-message qtranxs-available-languages-message-en">Sorry, this entry is only available in <a href="https://funtalentum.org/es/wp-json/wp/v2/pages/3339" class="qtranxs-available-language-link qtranxs-available-language-link-es" title="Español">Español</a>. For the sake of viewer convenience, the content is shown below in the alternative language. You may click the link to switch the active language.</p><p>[vc_row][vc_column width=”1/2″][vc_single_image image=”3393″ img_size=”full” onclick=”img_link_large” css=”.vc_custom_1506180251997{margin-left: 40px !important;}”][/vc_column][vc_column width=”1/2″][vc_empty_space height=”70px”][vc_column_text css=”.vc_custom_1506182156692{margin-right: 100px !important;margin-left: 50px !important;}”]<img decoding="async" class="aligncenter wp-image-3418 size-full" src="https://funtalentum.org/fundacion/wp-content/uploads/2017/10/Inauguración-1.jpg" alt="" width="441" height="64" />[/vc_column_text][vc_empty_space height=”30px”][vc_column_text css=”.vc_custom_1506181701569{margin-right: 100px !important;margin-left: 50px !important;}”]</p>
<p style="text-align: justify;">La Primera Dama de la Nación María Clemencia Rodríguez de Santos, inauguró nuestra Fundación y ha visitado nuestras instalaciones con  la Primera Dama de Guatemala Rosa Leal, la Directora Nacional del ICBF Cristina Plazas, así como organismos internacionales tales como la Unicef, para evidenciar un modelo exitoso de primera infancia con aliados público – privado.</p>
<p>[/vc_column_text][vc_empty_space height=”180px”][vc_column_text css=”.vc_custom_1506182737637{margin-right: 100px !important;margin-left: 50px !important;}”]<img fetchpriority="high" decoding="async" class="alignnone wp-image-3429 size-full" src="https://funtalentum.org/fundacion/wp-content/uploads/2017/10/Visita.jpg" alt="" width="441" height="116" />[/vc_column_text][vc_empty_space height=”30px”][vc_column_text css=”.vc_custom_1506183640064{margin-right: 100px !important;margin-left: 50px !important;}”]</p>
<p style="text-align: justify;">En junio del 2016, la Primera Dama de la Nación, María Clemencia Rodríguez de Santos, visitó nuevamente FUNTALENTUM en compañía de la Primera Dama de Argentina, Juliana Awada de Macri. Con esta visita se confirma la importancia que dan los dos países a la inversión en la primera infancia.</p>
<p>[/vc_column_text][vc_empty_space height=”150px”][vc_column_text css=”.vc_custom_1506183162564{margin-right: 100px !important;margin-left: 50px !important;}”]<img decoding="async" class="alignnone wp-image-3434 size-full" src="https://funtalentum.org/fundacion/wp-content/uploads/2017/10/Grados.jpg" alt="" width="441" height="67" />[/vc_column_text][vc_empty_space height=”30px”][vc_column_text css=”.vc_custom_1506184000763{margin-right: 100px !important;margin-left: 50px !important;}”]</p>
<p style="text-align: justify;">Cada año realizamos la graduación y el cierre del ciclo escolar de nuestros niños del grupo Investigadores. Posteriormente se escolarizan en colegios públicos del Distrito, gracias a la etapa inicial educativa que reciben en Funtalentum.</p>
<p>[/vc_column_text][vc_empty_space height=”220px”][vc_column_text css=”.vc_custom_1506183422965{margin-right: 100px !important;margin-left: 50px !important;}”]<img loading="lazy" decoding="async" class="alignnone wp-image-3438 size-full" src="https://funtalentum.org/fundacion/wp-content/uploads/2017/10/Disfraces-1.jpg" alt="" width="441" height="64" />[/vc_column_text][vc_empty_space height=”30px”][vc_column_text css=”.vc_custom_1506184793559{margin-right: 100px !important;margin-left: 50px !important;}”]</p>
<p style="text-align: justify;">En octubre se celebra el día de los atuendos para los niños y las familias. Los niños están en un ambiente entre iguales dónde intercambian experiencias, aprenden a convivir y comunicarse con otros, fortaleciendo su identidad frente al entorno al que pertenecen, llamado sociedad.</p>
<p>[/vc_column_text][vc_column_text css=”.vc_custom_1506183919955{margin-right: 100px !important;margin-left: 50px !important;}”][/vc_column_text][/vc_column][/vc_row][vc_row][vc_column][vc_empty_space height=”40px”][/vc_column][/vc_row][vc_row][vc_column][templatera id=”2854″][/vc_column][/vc_row]</p>

<p>Sorry, this entry is only available in Español. For the sake of viewer convenience, the content is shown below in the alternative language. You may click the link to switch the active language.[vc_row][vc_column width=”1/2″][vc_single_image image=”3393″ img_size=”full” onclick=”img_link_large” css=”.vc_custom_1506180251997{margin-left: 40px !important;}”][/vc_column][vc_column width=”1/2″][vc_empty_space height=”70px”][vc_column_text css=”.vc_custom_1506182156692{margin-right: 100px !important;margin-left: 50px !important;}”][/vc_column_text][vc_empty_space height=”30px”][vc_column_text css=”.vc_custom_1506181701569{margin-right: 100px !important;margin-left: 50px !important;}”] La Primera [&hellip;]</p>
